{"id":63,"date":"2015-07-06T20:58:28","date_gmt":"2015-07-06T18:58:28","guid":{"rendered":"http:\/\/wordpress.tc-doerentrup.de\/?page_id=63"},"modified":"2025-05-20T14:42:19","modified_gmt":"2025-05-20T12:42:19","slug":"termine","status":"publish","type":"page","link":"https:\/\/www.tc-doerentrup.de\/index.php\/tennissport\/termine\/","title":{"rendered":"Termine"},"content":{"rendered":"<div>\n<h2>Regelm\u00e4\u00dfige Termine in den Sommermonaten<\/h2>\n<p>Bitte die Belegung der Pl\u00e4tze zu den Mannschaftsspielen beachten! Spielbetrieb hat Vorrang: <a href=\"https:\/\/wtv.liga.nu\/cgi-bin\/WebObjects\/nuLigaTENDE.woa\/wa\/clubTeams?club=26707\">Mannschaftsspiele und Teams 2025<\/a><\/p>\n<p><a href=\"https:\/\/www.tc-doerentrup.de\/wp-content\/uploads\/2025\/05\/belegungsplan.png\"><img loading=\"lazy\" decoding=\"async\" class=\"alignnone wp-image-1922 size-large\" src=\"https:\/\/www.tc-doerentrup.de\/wp-content\/uploads\/2025\/05\/belegungsplan-1024x619.png\" alt=\"\" width=\"1024\" height=\"619\" srcset=\"https:\/\/www.tc-doerentrup.de\/wp-content\/uploads\/2025\/05\/belegungsplan-1024x619.png 1024w, https:\/\/www.tc-doerentrup.de\/wp-content\/uploads\/2025\/05\/belegungsplan-300x181.png 300w, https:\/\/www.tc-doerentrup.de\/wp-content\/uploads\/2025\/05\/belegungsplan-768x464.png 768w, https:\/\/www.tc-doerentrup.de\/wp-content\/uploads\/2025\/05\/belegungsplan.png 1442w\" sizes=\"auto, (max-width: 1024px) 100vw, 1024px\" \/><\/a><\/p>\n<p>Weitere Infos zu den Terminen:<\/p>\n<\/div>\n<div class=\"wpcmsdev-accordion\">\n<div class=\"accordion-item\">\n<h3 class=\"accordion-item-title\"><a href=\"#accordion-item-montags-ab-17-uhr-hobbyrunde\"><i class=\"fa fa-plus icon-for-inactive\"><\/i><i class=\"fa fa-minus icon-for-active\"><\/i>Montags ab 17 Uhr &#8211; Hobbyrunde<\/a><\/h3>\n<div id=\"accordion-item-montags-ab-17-uhr-hobbyrunde\" class=\"accordion-item-content\">\n<ul>\n<li><strong>Ab 17 Uhr Hobbyrunde <\/strong>f\u00fcr alle Tennisinteressierte, die nicht um Meisterschaftspunkte k\u00e4mpfen wollen besteht die M\u00f6glichkeit mit gleichgesinnten Tennis<br \/>\nzu spielen. Ansprechpartner: Detlef M\u00fcller Tel: 05265\/7497<\/li>\n<li><strong>Ab 18 Uhr Training<\/strong> f\u00fcr Anf\u00e4nger\/Wiedereinsteiger<\/li>\n<\/ul>\n<\/div>\n<\/div>\n<div class=\"accordion-item\">\n<h3 class=\"accordion-item-title\"><a href=\"#accordion-item-dienstags-ab-9-uhr-fruehstueckstennis\"><i class=\"fa fa-plus icon-for-inactive\"><\/i><i class=\"fa fa-minus icon-for-active\"><\/i>Dienstags ab 9 Uhr &#8211; Fr\u00fchst\u00fcckstennis<\/a><\/h3>\n<div id=\"accordion-item-dienstags-ab-9-uhr-fruehstueckstennis\" class=\"accordion-item-content\"><\/div>\n<\/div>\n<div class=\"accordion-item\">\n<h3 class=\"accordion-item-title\"><a href=\"#accordion-item-dienstags-ab-17-uhr-mannschaftstraining-herren-damen\"><i class=\"fa fa-plus icon-for-inactive\"><\/i><i class=\"fa fa-minus icon-for-active\"><\/i>Dienstags ab 17 Uhr &#8211; Mannschaftstraining Herren &amp; Damen<\/a><\/h3>\n<div id=\"accordion-item-dienstags-ab-17-uhr-mannschaftstraining-herren-damen\" class=\"accordion-item-content\">\n<ul>\n<li>17 Uhr bis 19 Uhr Damen Hobby Training<\/li>\n<li>18 bis 20:30 Uhr Herren und Herren 30 Training<\/li>\n<\/ul>\n<\/div>\n<\/div>\n<div class=\"accordion-item\">\n<h3 class=\"accordion-item-title\"><a href=\"#accordion-item-mittwochs-ab-18-uhr-jugendtraining\"><i class=\"fa fa-plus icon-for-inactive\"><\/i><i class=\"fa fa-minus icon-for-active\"><\/i>Mittwochs ab 18 Uhr &#8211; Jugendtraining<\/a><\/h3>\n<div id=\"accordion-item-mittwochs-ab-18-uhr-jugendtraining\" class=\"accordion-item-content\">\n<p>Tennis f\u00fcr Jugendliche Anf\u00e4nger &amp; Fortgeschrittene<\/p>\n<p>Ansprechpartner:<\/p>\n<p>J\u00f6rg Engelage<br \/>\nMail: <a href=\"mailto:info@engelage-timber.de\">info@engelage-timber.de<\/a><br \/>\nTel: 0172 5203054<\/p>\n<\/div>\n<\/div>\n<div class=\"accordion-item\">\n<h3 class=\"accordion-item-title\"><a href=\"#accordion-item-donnerstags-ab-15-uhr-kinder-und-jugendtraining\"><i class=\"fa fa-plus icon-for-inactive\"><\/i><i class=\"fa fa-minus icon-for-active\"><\/i>Donnerstags ab 15 Uhr &#8211; Kinder- und Jugendtraining<\/a><\/h3>\n<div id=\"accordion-item-donnerstags-ab-15-uhr-kinder-und-jugendtraining\" class=\"accordion-item-content\">\n<p>ab 15 Uhr Training f\u00fcr Kinder und Jugendliche -&gt; <a href=\"https:\/\/www.tc-doerentrup.de\/index.php\/tennissport\/training\/\">Infos<\/a><\/p>\n<p>&nbsp;<\/p>\n<\/div>\n<\/div>\n<div class=\"accordion-item\">\n<h3 class=\"accordion-item-title\"><a href=\"#accordion-item-donnerstags-ab-17-uhr-damentraining\"><i class=\"fa fa-plus icon-for-inactive\"><\/i><i class=\"fa fa-minus icon-for-active\"><\/i>Donnerstags ab 17 Uhr &#8211; Damentraining<\/a><\/h3>\n<div id=\"accordion-item-donnerstags-ab-17-uhr-damentraining\" class=\"accordion-item-content\">\n<p>Ansprechpartner:<\/p>\n<p>Susanne Hackemack susanne.mm@web.de<br \/>\nKathrin Gesch kathrin-gesch@t-online.de<\/p>\n<\/div>\n<\/div>\n<div class=\"accordion-item\">\n<h3 class=\"accordion-item-title\"><a href=\"#accordion-item-freitags-ab-15-uhr-mannschaftstraining-der-herren-65-70\"><i class=\"fa fa-plus icon-for-inactive\"><\/i><i class=\"fa fa-minus icon-for-active\"><\/i>Freitags ab 15 Uhr &#8211; Mannschaftstraining der Herren 65\/70<\/a><\/h3>\n<div id=\"accordion-item-freitags-ab-15-uhr-mannschaftstraining-der-herren-65-70\" class=\"accordion-item-content\">\n<p>Ansprechpartner: Rudi Kaup, Walter Brinkmann, Wolfgang Alteheld<\/p>\n<\/div>\n<\/div>\n<div class=\"accordion-item\">\n<h3 class=\"accordion-item-title\"><a href=\"#accordion-item-freitags-ab-18-uhr-afterwork-tennis-erwachsene\"><i class=\"fa fa-plus icon-for-inactive\"><\/i><i class=\"fa fa-minus icon-for-active\"><\/i>Freitags ab 18 Uhr &#8211; Afterwork Tennis Erwachsene<\/a><\/h3>\n<div id=\"accordion-item-freitags-ab-18-uhr-afterwork-tennis-erwachsene\" class=\"accordion-item-content\">\n<p>Tennis spielen in lockerer Runde f\u00fcr jede Spielst\u00e4rke f\u00fcr Mitglieder und G\u00e4ste. Auch Anf\u00e4nger sind herzlich willkommen.<br \/>\nOhne feste Verabredung, Spielpartner stehen zur Verf\u00fcgung. Tennisschl\u00e4ger k\u00f6nnen gestellt werden.<br \/>\nAnsprechpartner: Susanne Hackemack und Kathrin Gesch<\/p>\n<\/div>\n<\/div>\n<\/div>\n<div class=\"art-article\"><\/div>\n<div><\/div>\n","protected":false},"excerpt":{"rendered":"<p>Regelm\u00e4\u00dfige Termine in den Sommermonaten Bitte die Belegung der Pl\u00e4tze zu den Mannschaftsspielen beachten! Spielbetrieb hat Vorrang: Mannschaftsspiele und Teams 2025 Weitere Infos zu den Terminen:<\/p>\n","protected":false},"author":1,"featured_media":0,"parent":72,"menu_order":0,"comment_status":"open","ping_status":"open","template":"","meta":{"footnotes":""},"class_list":["post-63","page","type-page","status-publish","hentry"],"_links":{"self":[{"href":"https:\/\/www.tc-doerentrup.de\/index.php\/wp-json\/wp\/v2\/pages\/63","targetHints":{"allow":["GET"]}}],"collection":[{"href":"https:\/\/www.tc-doerentrup.de\/index.php\/wp-json\/wp\/v2\/pages"}],"about":[{"href":"https:\/\/www.tc-doerentrup.de\/index.php\/wp-json\/wp\/v2\/types\/page"}],"author":[{"embeddable":true,"href":"https:\/\/www.tc-doerentrup.de\/index.php\/wp-json\/wp\/v2\/users\/1"}],"replies":[{"embeddable":true,"href":"https:\/\/www.tc-doerentrup.de\/index.php\/wp-json\/wp\/v2\/comments?post=63"}],"version-history":[{"count":2,"href":"https:\/\/www.tc-doerentrup.de\/index.php\/wp-json\/wp\/v2\/pages\/63\/revisions"}],"predecessor-version":[{"id":1923,"href":"https:\/\/www.tc-doerentrup.de\/index.php\/wp-json\/wp\/v2\/pages\/63\/revisions\/1923"}],"up":[{"embeddable":true,"href":"https:\/\/www.tc-doerentrup.de\/index.php\/wp-json\/wp\/v2\/pages\/72"}],"wp:attachment":[{"href":"https:\/\/www.tc-doerentrup.de\/index.php\/wp-json\/wp\/v2\/media?parent=63"}],"curies":[{"name":"wp","href":"https:\/\/api.w.org\/{rel}","templated":true}]}}